Last updated on 2024-08-07 00:49:16 CEST.
Flavor | Version | Tinstall | Tcheck | Ttotal | Status | Flags |
---|---|---|---|---|---|---|
r-devel-linux-x86_64-debian-clang | 0.1.1 | 45.68 | 24.31 | 69.99 | NOTE | |
r-devel-linux-x86_64-debian-gcc | 0.1.1 | 29.38 | 19.05 | 48.43 | NOTE | |
r-devel-linux-x86_64-fedora-clang | 0.1.1 | 143.62 | NOTE | |||
r-devel-linux-x86_64-fedora-gcc | 0.1.1 | 137.55 | NOTE | |||
r-devel-windows-x86_64 | 0.1.1 | 29.00 | 62.00 | 91.00 | NOTE | |
r-patched-linux-x86_64 | 0.1.1 | 37.79 | 23.10 | 60.89 | NOTE | |
r-release-linux-x86_64 | 0.1.1 | 41.09 | 23.71 | 64.80 | NOTE | |
r-release-macos-arm64 | 0.1.1 | 34.00 | NOTE | |||
r-release-macos-x86_64 | 0.1.1 | 49.00 | NOTE | |||
r-release-windows-x86_64 | 0.1.1 | 28.00 | 64.00 | 92.00 | NOTE | |
r-oldrel-macos-arm64 | 0.1.1 | 38.00 | NOTE | |||
r-oldrel-macos-x86_64 | 0.1.1 | 66.00 | NOTE | |||
r-oldrel-windows-x86_64 | 0.1.1 | 33.00 | 73.00 | 106.00 | NOTE |
Version: 0.1.1
Check: LazyData
Result: NOTE
'LazyData' is specified without a 'data' directory
Flavors: r-devel-linux-x86_64-debian-clang, r-devel-linux-x86_64-debian-gcc, r-devel-linux-x86_64-fedora-clang, r-devel-linux-x86_64-fedora-gcc, r-devel-windows-x86_64, r-patched-linux-x86_64, r-release-linux-x86_64, r-release-macos-arm64, r-release-macos-x86_64, r-release-windows-x86_64, r-oldrel-macos-arm64, r-oldrel-macos-x86_64, r-oldrel-windows-x86_64
Version: 0.1.1
Check: C++ specification
Result: NOTE
Specified C++11: please drop specification unless essential
Flavors: r-devel-windows-x86_64, r-release-windows-x86_64, r-oldrel-windows-x86_64