Last updated on 2024-08-07 00:49:16 CEST.
Flavor | Version | Tinstall | Tcheck | Ttotal | Status | Flags |
---|---|---|---|---|---|---|
r-devel-linux-x86_64-debian-clang | 1.2.1 | 10.75 | 239.87 | 250.62 | NOTE | |
r-devel-linux-x86_64-debian-gcc | 1.2.1 | 6.53 | 173.33 | 179.86 | NOTE | |
r-devel-linux-x86_64-fedora-clang | 1.2.1 | 417.80 | NOTE | |||
r-devel-linux-x86_64-fedora-gcc | 1.2.1 | 418.76 | NOTE | |||
r-devel-windows-x86_64 | 1.2.1 | 21.00 | 302.00 | 323.00 | NOTE | |
r-patched-linux-x86_64 | 1.2.1 | 11.60 | 231.94 | 243.54 | NOTE | |
r-release-linux-x86_64 | 1.2.1 | 10.54 | 237.54 | 248.08 | NOTE | |
r-release-macos-arm64 | 1.2.1 | 120.00 | NOTE | |||
r-release-macos-x86_64 | 1.2.1 | 204.00 | NOTE | |||
r-release-windows-x86_64 | 1.2.1 | 21.00 | 307.00 | 328.00 | NOTE | |
r-oldrel-macos-arm64 | 1.2.1 | 116.00 | OK | |||
r-oldrel-macos-x86_64 | 1.2.1 | 258.00 | OK | |||
r-oldrel-windows-x86_64 | 1.2.1 | 29.00 | 361.00 | 390.00 | OK |
Version: 1.2.1
Check: Rd files
Result: NOTE
checkRd: (-1) fh_bounds.Rd:14: Lost braces
14 | \item{params1}{Arguments to pass to the r{dist} function for distribution 1}
| ^
checkRd: (-1) fh_bounds.Rd:16: Lost braces
16 | \item{params2}{Arguments to pass to the r{dist} function for distribution 2}
| ^
Flavors: r-devel-linux-x86_64-debian-clang, r-devel-linux-x86_64-debian-gcc, r-devel-linux-x86_64-fedora-clang, r-devel-linux-x86_64-fedora-gcc, r-devel-windows-x86_64, r-patched-linux-x86_64, r-release-linux-x86_64, r-release-macos-arm64, r-release-macos-x86_64, r-release-windows-x86_64