Last updated on 2024-08-07 00:49:16 CEST.
Flavor | Version | Tinstall | Tcheck | Ttotal | Status | Flags |
---|---|---|---|---|---|---|
r-devel-linux-x86_64-debian-clang | 6.1.8 | 29.99 | 208.39 | 238.38 | OK | |
r-devel-linux-x86_64-debian-gcc | 6.1.8 | 17.89 | 136.07 | 153.96 | OK | |
r-devel-linux-x86_64-fedora-clang | 6.1.8 | 387.07 | NOTE | |||
r-devel-linux-x86_64-fedora-gcc | 6.1.8 | 386.67 | OK | |||
r-devel-windows-x86_64 | 6.1.8 | 29.00 | 240.00 | 269.00 | NOTE | |
r-patched-linux-x86_64 | 6.1.8 | 31.91 | 198.39 | 230.30 | OK | |
r-release-linux-x86_64 | 6.1.8 | 28.76 | 200.25 | 229.01 | OK | |
r-release-macos-arm64 | 6.1.8 | 100.00 | NOTE | |||
r-release-macos-x86_64 | 6.1.8 | 159.00 | NOTE | |||
r-release-windows-x86_64 | 6.1.8 | 31.00 | 236.00 | 267.00 | NOTE | |
r-oldrel-macos-arm64 | 6.1.8 | 86.00 | OK | |||
r-oldrel-macos-x86_64 | 6.1.8 | 221.00 | NOTE | |||
r-oldrel-windows-x86_64 | 6.1.8 | 43.00 | 296.00 | 339.00 | OK |
Version: 6.1.8
Check: installed package size
Result: NOTE
installed size is 5.1Mb
sub-directories of 1Mb or more:
doc 2.7Mb
Flavors: r-devel-linux-x86_64-fedora-clang, r-devel-windows-x86_64, r-release-macos-arm64, r-release-macos-x86_64, r-release-windows-x86_64, r-oldrel-macos-x86_64