Last updated on 2024-08-07 00:49:16 CEST.
Flavor | Version | Tinstall | Tcheck | Ttotal | Status | Flags |
---|---|---|---|---|---|---|
r-devel-linux-x86_64-debian-clang | 1.0.0 | 5.16 | 66.48 | 71.64 | OK | |
r-devel-linux-x86_64-debian-gcc | 1.0.0 | 3.52 | 50.08 | 53.60 | OK | |
r-devel-linux-x86_64-fedora-clang | 1.0.0 | 120.75 | NOTE | |||
r-devel-linux-x86_64-fedora-gcc | 1.0.0 | 128.35 | NOTE | |||
r-devel-windows-x86_64 | 1.0.0 | 10.00 | 97.00 | 107.00 | OK | |
r-patched-linux-x86_64 | 1.0.0 | 6.61 | 64.95 | 71.56 | OK | |
r-release-linux-x86_64 | 1.0.0 | 5.18 | 65.56 | 70.74 | OK | |
r-release-macos-arm64 | 1.0.0 | 42.00 | OK | |||
r-release-macos-x86_64 | 1.0.0 | 63.00 | OK | |||
r-release-windows-x86_64 | 1.0.0 | 11.00 | 96.00 | 107.00 | OK | |
r-oldrel-macos-arm64 | 1.0.0 | 54.00 | OK | |||
r-oldrel-macos-x86_64 | 1.0.0 | 87.00 | OK | |||
r-oldrel-windows-x86_64 | 1.0.0 | 13.00 | 108.00 | 121.00 | OK |
Version: 1.0.0
Check: data for non-ASCII characters
Result: NOTE
Note: found 68047 marked UTF-8 strings
Flavors: r-devel-linux-x86_64-fedora-clang, r-devel-linux-x86_64-fedora-gcc