Last updated on 2024-08-07 00:49:16 CEST.
Flavor | Version | Tinstall | Tcheck | Ttotal | Status | Flags |
---|---|---|---|---|---|---|
r-devel-linux-x86_64-debian-clang | 0.4.0 | 26.60 | 460.44 | 487.04 | OK | |
r-devel-linux-x86_64-debian-gcc | 0.4.0 | 18.62 | 339.15 | 357.77 | OK | |
r-devel-linux-x86_64-fedora-clang | 0.4.0 | 800.28 | NOTE | |||
r-devel-linux-x86_64-fedora-gcc | 0.4.0 | 777.48 | OK | |||
r-devel-windows-x86_64 | 0.4.0 | 26.00 | 516.00 | 542.00 | OK | |
r-patched-linux-x86_64 | 0.4.0 | 25.71 | 447.74 | 473.45 | OK | |
r-release-linux-x86_64 | 0.4.0 | 24.71 | 463.90 | 488.61 | OK | |
r-release-macos-arm64 | 0.4.0 | 194.00 | OK | |||
r-release-macos-x86_64 | 0.4.0 | 299.00 | OK | |||
r-release-windows-x86_64 | 0.4.0 | 26.00 | 519.00 | 545.00 | OK | |
r-oldrel-macos-arm64 | 0.4.0 | 161.00 | OK | |||
r-oldrel-macos-x86_64 | 0.4.0 | 276.00 | OK | |||
r-oldrel-windows-x86_64 | 0.4.0 | 34.00 | 592.00 | 626.00 | OK |
Version: 0.4.0
Check: package dependencies
Result: NOTE
Imports includes 33 non-default packages.
Importing from so many packages makes the package vulnerable to any of
them becoming unavailable. Move as many as possible to Suggests and
use conditionally.
Flavor: r-devel-linux-x86_64-fedora-clang