Last updated on 2024-08-07 00:49:16 CEST.
Flavor | Version | Tinstall | Tcheck | Ttotal | Status | Flags |
---|---|---|---|---|---|---|
r-devel-linux-x86_64-debian-clang | 1.12-1 | 116.71 | 175.34 | 292.05 | OK | |
r-devel-linux-x86_64-debian-gcc | 1.12-1 | 87.19 | 110.93 | 198.12 | OK | |
r-devel-linux-x86_64-fedora-clang | 1.12-1 | 452.81 | OK | |||
r-devel-linux-x86_64-fedora-gcc | 1.12-1 | 514.75 | OK | |||
r-devel-windows-x86_64 | 1.12-1 | 105.00 | 194.00 | 299.00 | NOTE | |
r-patched-linux-x86_64 | 1.12-1 | 116.61 | 164.51 | 281.12 | OK | |
r-release-linux-x86_64 | 1.12-1 | 116.99 | 164.05 | 281.04 | OK | |
r-release-macos-arm64 | 1.12-1 | 103.00 | NOTE | |||
r-release-macos-x86_64 | 1.12-1 | 191.00 | NOTE | |||
r-release-windows-x86_64 | 1.12-1 | 106.00 | 194.00 | 300.00 | NOTE | |
r-oldrel-macos-arm64 | 1.12-1 | 102.00 | NOTE | |||
r-oldrel-macos-x86_64 | 1.12-1 | 257.00 | NOTE | |||
r-oldrel-windows-x86_64 | 1.12-1 | 135.00 | 240.00 | 375.00 | NOTE |
Version: 1.12-1
Check: installed package size
Result: NOTE
installed size is 13.9Mb
sub-directories of 1Mb or more:
libs 12.7Mb
Flavors: r-devel-windows-x86_64, r-release-macos-arm64, r-release-macos-x86_64, r-release-windows-x86_64, r-oldrel-macos-arm64, r-oldrel-macos-x86_64, r-oldrel-windows-x86_64