Last updated on 2024-08-07 00:49:16 CEST.
Flavor | Version | Tinstall | Tcheck | Ttotal | Status | Flags |
---|---|---|---|---|---|---|
r-devel-linux-x86_64-debian-clang | 3.2 | 14.85 | 45.17 | 60.02 | NOTE | |
r-devel-linux-x86_64-debian-gcc | 3.2 | 9.80 | 28.89 | 38.69 | NOTE | |
r-devel-linux-x86_64-fedora-clang | 3.2 | 99.68 | NOTE | |||
r-devel-linux-x86_64-fedora-gcc | 3.2 | 98.13 | NOTE | |||
r-devel-windows-x86_64 | 3.2 | 15.00 | 78.00 | 93.00 | NOTE | |
r-patched-linux-x86_64 | 3.2 | 14.37 | 43.01 | 57.38 | NOTE | |
r-release-linux-x86_64 | 3.2 | 14.34 | 42.80 | 57.14 | NOTE | |
r-release-macos-arm64 | 3.2 | 30.00 | NOTE | |||
r-release-macos-x86_64 | 3.2 | 45.00 | NOTE | |||
r-release-windows-x86_64 | 3.2 | 16.00 | 79.00 | 95.00 | NOTE | |
r-oldrel-macos-arm64 | 3.2 | 32.00 | OK | |||
r-oldrel-macos-x86_64 | 3.2 | 52.00 | OK | |||
r-oldrel-windows-x86_64 | 3.2 | 16.00 | 90.00 | 106.00 | OK |
Version: 3.2
Check: Rd files
Result: NOTE
checkRd: (-1) summary.flamcv.rd:8: Lost braces
8 | This function summarizes a call to code{\link{flamCV}} and identifies the tuning parameter chosen by cross-validation.
| ^
Flavors: r-devel-linux-x86_64-debian-clang, r-devel-linux-x86_64-debian-gcc, r-devel-linux-x86_64-fedora-clang, r-devel-linux-x86_64-fedora-gcc, r-devel-windows-x86_64, r-patched-linux-x86_64, r-release-linux-x86_64, r-release-macos-arm64, r-release-macos-x86_64, r-release-windows-x86_64