Last updated on 2024-08-07 00:49:16 CEST.
Flavor | Version | Tinstall | Tcheck | Ttotal | Status | Flags |
---|---|---|---|---|---|---|
r-devel-linux-x86_64-debian-clang | 0.3.3 | 20.56 | 100.29 | 120.85 | OK | |
r-devel-linux-x86_64-debian-gcc | 0.3.3 | 13.82 | 73.94 | 87.76 | OK | |
r-devel-linux-x86_64-fedora-clang | 0.3.3 | 221.42 | NOTE | |||
r-devel-linux-x86_64-fedora-gcc | 0.3.3 | 213.61 | OK | |||
r-devel-windows-x86_64 | 0.3.3 | 27.00 | 114.00 | 141.00 | NOTE | |
r-patched-linux-x86_64 | 0.3.3 | 17.48 | 97.68 | 115.16 | OK | |
r-release-linux-x86_64 | 0.3.3 | 19.03 | 98.46 | 117.49 | OK | |
r-release-macos-arm64 | 0.3.3 | 52.00 | NOTE | |||
r-release-macos-x86_64 | 0.3.3 | 87.00 | NOTE | |||
r-release-windows-x86_64 | 0.3.3 | 28.00 | 117.00 | 145.00 | NOTE | |
r-oldrel-macos-arm64 | 0.3.3 | 60.00 | NOTE | |||
r-oldrel-macos-x86_64 | 0.3.3 | 125.00 | NOTE | |||
r-oldrel-windows-x86_64 | 0.3.3 | 32.00 | 136.00 | 168.00 | NOTE |
Version: 0.3.3
Check: installed package size
Result: NOTE
installed size is 9.9Mb
sub-directories of 1Mb or more:
doc 9.1Mb
Flavors: r-devel-linux-x86_64-fedora-clang, r-devel-windows-x86_64, r-release-macos-arm64, r-release-macos-x86_64, r-release-windows-x86_64, r-oldrel-macos-arm64, r-oldrel-macos-x86_64, r-oldrel-windows-x86_64