Last updated on 2024-08-07 00:49:16 CEST.
Flavor | Version | Tinstall | Tcheck | Ttotal | Status | Flags |
---|---|---|---|---|---|---|
r-devel-linux-x86_64-debian-clang | 1.2.0 | 23.45 | 336.87 | 360.32 | OK | |
r-devel-linux-x86_64-debian-gcc | 1.2.0 | 15.49 | 208.21 | 223.70 | OK | |
r-devel-linux-x86_64-fedora-clang | 1.2.0 | 605.14 | NOTE | |||
r-devel-linux-x86_64-fedora-gcc | 1.2.0 | 595.64 | NOTE | |||
r-devel-windows-x86_64 | 1.2.0 | 23.00 | 307.00 | 330.00 | OK | |
r-patched-linux-x86_64 | 1.2.0 | 22.17 | 328.45 | 350.62 | OK | |
r-release-linux-x86_64 | 1.2.0 | 22.82 | 330.86 | 353.68 | OK | |
r-release-macos-arm64 | 1.2.0 | 178.00 | OK | |||
r-release-macos-x86_64 | 1.2.0 | 275.00 | OK | |||
r-release-windows-x86_64 | 1.2.0 | 24.00 | 302.00 | 326.00 | OK | |
r-oldrel-macos-arm64 | 1.2.0 | 164.00 | OK | |||
r-oldrel-macos-x86_64 | 1.2.0 | 402.00 | OK | |||
r-oldrel-windows-x86_64 | 1.2.0 | 31.00 | 382.00 | 413.00 | OK |
Version: 1.2.0
Check: data for non-ASCII characters
Result: NOTE
Note: found 4004 marked UTF-8 strings
Flavors: r-devel-linux-x86_64-fedora-clang, r-devel-linux-x86_64-fedora-gcc