Last updated on 2024-08-07 00:49:17 CEST.
Flavor | Version | Tinstall | Tcheck | Ttotal | Status | Flags |
---|---|---|---|---|---|---|
r-devel-linux-x86_64-debian-clang | 0.1.3 | 16.07 | 50.54 | 66.61 | OK | |
r-devel-linux-x86_64-debian-gcc | 0.1.3 | 10.71 | 34.81 | 45.52 | OK | |
r-devel-linux-x86_64-fedora-clang | 0.1.3 | 118.49 | NOTE | |||
r-devel-linux-x86_64-fedora-gcc | 0.1.3 | 125.83 | NOTE | |||
r-devel-windows-x86_64 | 0.1.3 | 20.00 | 84.00 | 104.00 | OK | |
r-patched-linux-x86_64 | 0.1.3 | 14.79 | 47.95 | 62.74 | OK | |
r-release-linux-x86_64 | 0.1.3 | 14.30 | 49.05 | 63.35 | OK | |
r-release-macos-arm64 | 0.1.3 | 35.00 | OK | |||
r-release-macos-x86_64 | 0.1.3 | 64.00 | OK | |||
r-release-windows-x86_64 | 0.1.3 | 20.00 | 84.00 | 104.00 | OK | |
r-oldrel-macos-arm64 | 0.1.3 | 42.00 | OK | |||
r-oldrel-macos-x86_64 | 0.1.3 | 68.00 | OK | |||
r-oldrel-windows-x86_64 | 0.1.3 | 23.00 | 97.00 | 120.00 | OK |
Version: 0.1.3
Check: dependencies in R code
Result: NOTE
Namespaces in Imports field not imported from:
‘kableExtra’ ‘knitr’ ‘rmarkdown’
All declared Imports should be used.
Flavors: r-devel-linux-x86_64-fedora-clang, r-devel-linux-x86_64-fedora-gcc