Last updated on 2024-08-07 00:49:17 CEST.
Flavor | Version | Tinstall | Tcheck | Ttotal | Status | Flags |
---|---|---|---|---|---|---|
r-devel-linux-x86_64-debian-clang | 0.2.0 | 34.56 | 167.00 | 201.56 | OK | |
r-devel-linux-x86_64-debian-gcc | 0.2.0 | 24.74 | 129.01 | 153.75 | OK | |
r-devel-linux-x86_64-fedora-clang | 0.2.0 | 331.11 | NOTE | |||
r-devel-linux-x86_64-fedora-gcc | 0.2.0 | 316.22 | NOTE | |||
r-devel-windows-x86_64 | 0.2.0 | 27.00 | 149.00 | 176.00 | OK | |
r-patched-linux-x86_64 | 0.2.0 | 32.90 | 162.70 | 195.60 | OK | |
r-release-linux-x86_64 | 0.2.0 | 35.62 | 162.29 | 197.91 | OK | |
r-release-macos-arm64 | 0.2.0 | 82.00 | OK | |||
r-release-macos-x86_64 | 0.2.0 | 120.00 | OK | |||
r-release-windows-x86_64 | 0.2.0 | 28.00 | 151.00 | 179.00 | OK | |
r-oldrel-macos-arm64 | 0.2.0 | 79.00 | OK | |||
r-oldrel-macos-x86_64 | 0.2.0 | 195.00 | OK | |||
r-oldrel-windows-x86_64 | 0.2.0 | 39.00 | 188.00 | 227.00 | OK |
Version: 0.2.0
Check: dependencies in R code
Result: NOTE
Namespace in Imports field not imported from: ‘tidyverse’
All declared Imports should be used.
Flavors: r-devel-linux-x86_64-fedora-clang, r-devel-linux-x86_64-fedora-gcc