Last updated on 2024-08-07 00:49:17 CEST.
Flavor | Version | Tinstall | Tcheck | Ttotal | Status | Flags |
---|---|---|---|---|---|---|
r-devel-linux-x86_64-debian-clang | 1.0.0 | 5.20 | 39.32 | 44.52 | OK | |
r-devel-linux-x86_64-debian-gcc | 1.0.0 | 3.65 | 29.17 | 32.82 | OK | |
r-devel-linux-x86_64-fedora-clang | 1.0.0 | 69.38 | NOTE | |||
r-devel-linux-x86_64-fedora-gcc | 1.0.0 | 65.21 | NOTE | |||
r-devel-windows-x86_64 | 1.0.0 | 6.00 | 55.00 | 61.00 | OK | |
r-patched-linux-x86_64 | 1.0.0 | 4.94 | 36.37 | 41.31 | OK | |
r-release-linux-x86_64 | 1.0.0 | 3.70 | 37.20 | 40.90 | OK | |
r-release-macos-arm64 | 1.0.0 | 25.00 | OK | |||
r-release-macos-x86_64 | 1.0.0 | 38.00 | OK | |||
r-release-windows-x86_64 | 1.0.0 | 7.00 | 56.00 | 63.00 | OK | |
r-oldrel-macos-arm64 | 1.0.0 | 30.00 | OK | |||
r-oldrel-macos-x86_64 | 1.0.0 | 52.00 | OK | |||
r-oldrel-windows-x86_64 | 1.0.0 | 8.00 | 63.00 | 71.00 | OK |
Version: 1.0.0
Check: dependencies in R code
Result: NOTE
Namespaces in Imports field not imported from:
‘dplyr’ ‘forrel’ ‘pedtools’ ‘plotly’
All declared Imports should be used.
Flavors: r-devel-linux-x86_64-fedora-clang, r-devel-linux-x86_64-fedora-gcc