Last updated on 2024-08-07 00:49:17 CEST.
Flavor | Version | Tinstall | Tcheck | Ttotal | Status | Flags |
---|---|---|---|---|---|---|
r-devel-linux-x86_64-debian-clang | 0.2.0 | 59.45 | 150.17 | 209.62 | OK | |
r-devel-linux-x86_64-debian-gcc | 0.2.0 | 39.43 | 111.58 | 151.01 | OK | |
r-devel-linux-x86_64-fedora-clang | 0.2.0 | 327.26 | OK | |||
r-devel-linux-x86_64-fedora-gcc | 0.2.0 | 372.47 | OK | |||
r-devel-windows-x86_64 | 0.2.0 | 54.00 | 189.00 | 243.00 | OK | |
r-patched-linux-x86_64 | 0.2.0 | 55.19 | 149.83 | 205.02 | OK | |
r-release-linux-x86_64 | 0.2.0 | 56.78 | 151.04 | 207.82 | OK | |
r-release-macos-arm64 | 0.2.0 | 111.00 | NOTE | |||
r-release-macos-x86_64 | 0.2.0 | 153.00 | NOTE | |||
r-release-windows-x86_64 | 0.2.0 | 55.00 | 195.00 | 250.00 | OK | |
r-oldrel-macos-arm64 | 0.2.0 | 115.00 | NOTE | |||
r-oldrel-macos-x86_64 | 0.2.0 | 232.00 | NOTE | |||
r-oldrel-windows-x86_64 | 0.2.0 | 66.00 | 227.00 | 293.00 | OK |
Version: 0.2.0
Check: installed package size
Result: NOTE
installed size is 25.8Mb
sub-directories of 1Mb or more:
doc 2.0Mb
libs 22.2Mb
Flavors: r-release-macos-arm64, r-release-macos-x86_64, r-oldrel-macos-arm64, r-oldrel-macos-x86_64