Last updated on 2024-08-08 08:49:16 CEST.
Flavor | Version | Tinstall | Tcheck | Ttotal | Status | Flags |
---|---|---|---|---|---|---|
r-devel-linux-x86_64-debian-clang | 1.0.0 | 49.81 | 382.69 | 432.50 | OK | |
r-devel-linux-x86_64-debian-gcc | 1.0.0 | 30.48 | 253.34 | 283.82 | OK | |
r-devel-linux-x86_64-fedora-clang | 1.0.0 | 687.68 | NOTE | |||
r-devel-linux-x86_64-fedora-gcc | 1.0.0 | 651.39 | OK | |||
r-devel-windows-x86_64 | 1.0.0 | 46.00 | 308.00 | 354.00 | OK | |
r-patched-linux-x86_64 | 1.0.0 | 45.36 | 369.53 | 414.89 | OK | |
r-release-linux-x86_64 | 1.0.0 | 46.79 | 365.03 | 411.82 | OK | |
r-release-macos-arm64 | 1.0.0 | 154.00 | OK | |||
r-release-macos-x86_64 | 1.0.0 | 238.00 | OK | |||
r-release-windows-x86_64 | 1.0.0 | 45.00 | 306.00 | 351.00 | OK | |
r-oldrel-macos-arm64 | 1.0.0 | 144.00 | OK | |||
r-oldrel-macos-x86_64 | 1.0.0 | 466.00 | OK | |||
r-oldrel-windows-x86_64 | 1.0.0 | 62.00 | 410.00 | 472.00 | OK |
Version: 1.0.0
Check: Rd cross-references
Result: NOTE
Undeclared packages ‘palmerpenguins’, ‘readxl’ in Rd xrefs
Flavor: r-devel-linux-x86_64-fedora-clang