Last updated on 2024-08-07 00:49:17 CEST.
Flavor | Version | Tinstall | Tcheck | Ttotal | Status | Flags |
---|---|---|---|---|---|---|
r-devel-linux-x86_64-debian-clang | 1.0.1 | 4.63 | 35.79 | 40.42 | NOTE | |
r-devel-linux-x86_64-debian-gcc | 1.0.1 | 2.87 | 27.53 | 30.40 | NOTE | |
r-devel-linux-x86_64-fedora-clang | 1.0.1 | 66.34 | NOTE | |||
r-devel-linux-x86_64-fedora-gcc | 1.0.1 | 61.11 | NOTE | |||
r-devel-windows-x86_64 | 1.0.1 | 7.00 | 55.00 | 62.00 | NOTE | |
r-patched-linux-x86_64 | 1.0.1 | 4.77 | 34.97 | 39.74 | NOTE | |
r-release-linux-x86_64 | 1.0.1 | 4.32 | 35.16 | 39.48 | NOTE | |
r-release-macos-arm64 | 1.0.1 | 24.00 | NOTE | |||
r-release-macos-x86_64 | 1.0.1 | 40.00 | NOTE | |||
r-release-windows-x86_64 | 1.0.1 | 8.00 | 61.00 | 69.00 | NOTE | |
r-oldrel-macos-arm64 | 1.0.1 | 27.00 | NOTE | |||
r-oldrel-macos-x86_64 | 1.0.1 | 35.00 | NOTE | |||
r-oldrel-windows-x86_64 | 1.0.1 | 7.00 | 62.00 | 69.00 | NOTE |
Version: 1.0.1
Check: LazyData
Result: NOTE
'LazyData' is specified without a 'data' directory
Flavors: r-devel-linux-x86_64-debian-clang, r-devel-linux-x86_64-debian-gcc, r-devel-linux-x86_64-fedora-clang, r-devel-linux-x86_64-fedora-gcc, r-devel-windows-x86_64, r-patched-linux-x86_64, r-release-linux-x86_64, r-release-macos-arm64, r-release-macos-x86_64, r-release-windows-x86_64, r-oldrel-macos-arm64, r-oldrel-macos-x86_64, r-oldrel-windows-x86_64
Version: 1.0.1
Check: dependencies in R code
Result: NOTE
Namespaces in Imports field not imported from:
‘ggplot2’ ‘pracma’ ‘rlang’
All declared Imports should be used.
Flavors: r-devel-linux-x86_64-fedora-clang, r-devel-linux-x86_64-fedora-gcc