Last updated on 2024-08-07 00:49:17 CEST.
Flavor | Version | Tinstall | Tcheck | Ttotal | Status | Flags |
---|---|---|---|---|---|---|
r-devel-linux-x86_64-debian-clang | 1.2.7 | 33.63 | 272.35 | 305.98 | OK | |
r-devel-linux-x86_64-debian-gcc | 1.2.7 | 23.82 | 191.58 | 215.40 | OK | |
r-devel-linux-x86_64-fedora-clang | 1.2.7 | 520.87 | OK | |||
r-devel-linux-x86_64-fedora-gcc | 1.2.7 | 464.14 | OK | |||
r-devel-windows-x86_64 | 1.2.7 | 35.00 | 240.00 | 275.00 | OK | |
r-patched-linux-x86_64 | 1.2.7 | 33.05 | 265.86 | 298.91 | OK | |
r-release-linux-x86_64 | 1.2.7 | 31.40 | 263.20 | 294.60 | OK | |
r-release-macos-arm64 | 1.2.7 | 130.00 | OK | |||
r-release-macos-x86_64 | 1.2.7 | 371.00 | OK | |||
r-release-windows-x86_64 | 1.2.7 | 34.00 | 255.00 | 289.00 | OK | |
r-oldrel-macos-arm64 | 1.2.7 | 146.00 | NOTE | |||
r-oldrel-macos-x86_64 | 1.2.7 | 267.00 | NOTE | |||
r-oldrel-windows-x86_64 | 1.2.7 | 48.00 | 313.00 | 361.00 | OK |
Version: 1.2.7
Check: package dependencies
Result: NOTE
Package suggested but not available for checking: ‘rrvgo’
Flavors: r-oldrel-macos-arm64, r-oldrel-macos-x86_64