Last updated on 2024-08-07 00:49:17 CEST.
Flavor | Version | Tinstall | Tcheck | Ttotal | Status | Flags |
---|---|---|---|---|---|---|
r-devel-linux-x86_64-debian-clang | 0.6.2 | 301.61 | 418.79 | 720.40 | NOTE | |
r-devel-linux-x86_64-debian-gcc | 0.6.2 | 208.77 | 305.95 | 514.72 | NOTE | |
r-devel-linux-x86_64-fedora-clang | 0.6.2 | 1060.05 | NOTE | |||
r-devel-linux-x86_64-fedora-gcc | 0.6.2 | 1244.11 | NOTE | |||
r-devel-windows-x86_64 | 0.6.2 | 236.00 | 657.00 | 893.00 | NOTE | |
r-patched-linux-x86_64 | 0.6.2 | 270.91 | 424.59 | 695.50 | NOTE | |
r-release-linux-x86_64 | 0.6.2 | 280.81 | 423.95 | 704.76 | NOTE | |
r-release-macos-arm64 | 0.6.2 | 330.00 | NOTE | |||
r-release-macos-x86_64 | 0.6.2 | 898.00 | NOTE | |||
r-release-windows-x86_64 | 0.6.2 | 235.00 | 699.00 | 934.00 | NOTE | |
r-oldrel-macos-arm64 | 0.6.2 | 555.00 | NOTE | |||
r-oldrel-macos-x86_64 | 0.6.2 | 1316.00 | NOTE | |||
r-oldrel-windows-x86_64 | 0.6.2 | 320.00 | 630.00 | 950.00 | NOTE |
Version: 0.6.2
Check: for GNU extensions in Makefiles
Result: NOTE
GNU make is a SystemRequirements.
Flavors: r-devel-linux-x86_64-debian-clang, r-devel-linux-x86_64-debian-gcc, r-devel-linux-x86_64-fedora-clang, r-devel-linux-x86_64-fedora-gcc, r-devel-windows-x86_64, r-patched-linux-x86_64, r-release-linux-x86_64, r-release-macos-arm64, r-release-macos-x86_64, r-release-windows-x86_64, r-oldrel-macos-arm64, r-oldrel-macos-x86_64, r-oldrel-windows-x86_64
Version: 0.6.2
Check: installed package size
Result: NOTE
installed size is 6.2Mb
sub-directories of 1Mb or more:
libs 4.3Mb
Flavors: r-devel-linux-x86_64-fedora-clang, r-devel-windows-x86_64, r-release-macos-arm64, r-release-macos-x86_64, r-release-windows-x86_64, r-oldrel-macos-arm64, r-oldrel-macos-x86_64, r-oldrel-windows-x86_64
Version: 0.6.2
Check: dependencies in R code
Result: NOTE
Namespaces in Imports field not imported from:
‘RcppParallel’ ‘rstantools’
All declared Imports should be used.
Flavors: r-devel-linux-x86_64-fedora-clang, r-devel-linux-x86_64-fedora-gcc