Last updated on 2024-08-07 00:49:17 CEST.
Flavor | Version | Tinstall | Tcheck | Ttotal | Status | Flags |
---|---|---|---|---|---|---|
r-devel-linux-x86_64-debian-clang | 0.2.0 | 6.28 | 73.21 | 79.49 | OK | |
r-devel-linux-x86_64-debian-gcc | 0.2.0 | 4.26 | 51.64 | 55.90 | OK | |
r-devel-linux-x86_64-fedora-clang | 0.2.0 | 127.46 | NOTE | |||
r-devel-linux-x86_64-fedora-gcc | 0.2.0 | 130.88 | NOTE | |||
r-devel-windows-x86_64 | 0.2.0 | 8.00 | 93.00 | 101.00 | OK | |
r-patched-linux-x86_64 | 0.2.0 | 5.77 | 69.57 | 75.34 | OK | |
r-release-linux-x86_64 | 0.2.0 | 4.92 | 70.17 | 75.09 | OK | |
r-release-macos-arm64 | 0.2.0 | 47.00 | OK | |||
r-release-macos-x86_64 | 0.2.0 | 69.00 | OK | |||
r-release-windows-x86_64 | 0.2.0 | 10.00 | 97.00 | 107.00 | OK | |
r-oldrel-macos-arm64 | 0.2.0 | 49.00 | OK | |||
r-oldrel-macos-x86_64 | 0.2.0 | 71.00 | OK | |||
r-oldrel-windows-x86_64 | 0.2.0 | 10.00 | 103.00 | 113.00 | OK |
Version: 0.2.0
Check: dependencies in R code
Result: NOTE
Namespaces in Imports field not imported from:
‘pipeR’ ‘rlang’
All declared Imports should be used.
Flavors: r-devel-linux-x86_64-fedora-clang, r-devel-linux-x86_64-fedora-gcc