Last updated on 2024-08-07 00:49:17 CEST.
Flavor | Version | Tinstall | Tcheck | Ttotal | Status | Flags |
---|---|---|---|---|---|---|
r-devel-linux-x86_64-debian-clang | 1.8.0 | 30.65 | 254.07 | 284.72 | NOTE | |
r-devel-linux-x86_64-debian-gcc | 1.8.0 | 21.25 | 157.27 | 178.52 | NOTE | |
r-devel-linux-x86_64-fedora-clang | 1.8.0 | 449.95 | OK | |||
r-devel-linux-x86_64-fedora-gcc | 1.8.0 | 419.97 | OK | |||
r-devel-windows-x86_64 | 1.8.0 | 29.00 | 200.00 | 229.00 | NOTE | |
r-patched-linux-x86_64 | 1.8.0 | 35.62 | 238.26 | 273.88 | OK | |
r-release-linux-x86_64 | 1.8.0 | 29.16 | 238.96 | 268.12 | OK | |
r-release-macos-arm64 | 1.8.0 | 98.00 | OK | |||
r-release-macos-x86_64 | 1.8.0 | 173.00 | OK | |||
r-release-windows-x86_64 | 1.8.0 | 28.00 | 206.00 | 234.00 | OK | |
r-oldrel-macos-arm64 | 1.8.0 | 98.00 | OK | |||
r-oldrel-macos-x86_64 | 1.8.0 | 246.00 | OK | |||
r-oldrel-windows-x86_64 | 1.8.0 | 37.00 | 268.00 | 305.00 | OK |
Version: 1.8.0
Check: Rd cross-references
Result: NOTE
Found the following Rd file(s) with Rd \link{} targets missing package
anchors:
extract_gfc.Rd: writeRaster
scale_by_pixel_area.Rd: dataType
scale_toar.Rd: writeRaster
Please provide package anchors for all Rd \link{} targets not in the
package itself and the base packages.
Flavors: r-devel-linux-x86_64-debian-clang, r-devel-linux-x86_64-debian-gcc, r-devel-windows-x86_64