Last updated on 2024-08-07 00:49:17 CEST.
Flavor | Version | Tinstall | Tcheck | Ttotal | Status | Flags |
---|---|---|---|---|---|---|
r-devel-linux-x86_64-debian-clang | 0.1.4 | 5.31 | 51.71 | 57.02 | OK | |
r-devel-linux-x86_64-debian-gcc | 0.1.4 | 3.94 | 38.28 | 42.22 | OK | |
r-devel-linux-x86_64-fedora-clang | 0.1.4 | 96.50 | NOTE | |||
r-devel-linux-x86_64-fedora-gcc | 0.1.4 | 99.45 | NOTE | |||
r-devel-windows-x86_64 | 0.1.4 | 8.00 | 67.00 | 75.00 | OK | |
r-patched-linux-x86_64 | 0.1.4 | 5.55 | 50.14 | 55.69 | OK | |
r-release-linux-x86_64 | 0.1.4 | 4.73 | 50.80 | 55.53 | OK | |
r-release-macos-arm64 | 0.1.4 | 38.00 | OK | |||
r-release-macos-x86_64 | 0.1.4 | 59.00 | OK | |||
r-release-windows-x86_64 | 0.1.4 | 9.00 | 112.00 | 121.00 | OK | |
r-oldrel-macos-arm64 | 0.1.4 | 36.00 | OK | |||
r-oldrel-macos-x86_64 | 0.1.4 | 59.00 | OK | |||
r-oldrel-windows-x86_64 | 0.1.4 | 9.00 | 75.00 | 84.00 | OK |
Version: 0.1.4
Check: dependencies in R code
Result: NOTE
Namespaces in Imports field not imported from:
‘grDevices’ ‘gtable’
All declared Imports should be used.
Flavors: r-devel-linux-x86_64-fedora-clang, r-devel-linux-x86_64-fedora-gcc