Last updated on 2024-08-07 00:49:17 CEST.
Flavor | Version | Tinstall | Tcheck | Ttotal | Status | Flags |
---|---|---|---|---|---|---|
r-devel-linux-x86_64-debian-clang | 1.5.1 | 8.62 | 56.56 | 65.18 | OK | |
r-devel-linux-x86_64-debian-gcc | 1.5.1 | 6.87 | 32.69 | 39.56 | OK | |
r-devel-linux-x86_64-fedora-clang | 1.5.1 | 103.84 | NOTE | |||
r-devel-linux-x86_64-fedora-gcc | 1.5.1 | 99.04 | OK | |||
r-devel-windows-x86_64 | 1.5.1 | 13.00 | 81.00 | 94.00 | OK | |
r-patched-linux-x86_64 | 1.5.1 | 9.98 | 43.15 | 53.13 | OK | |
r-release-linux-x86_64 | 1.5.1 | 10.01 | 42.06 | 52.07 | OK | |
r-release-macos-arm64 | 1.5.1 | 40.00 | OK | |||
r-release-macos-x86_64 | 1.5.1 | 54.00 | OK | |||
r-release-windows-x86_64 | 1.5.1 | 13.00 | 94.00 | 107.00 | OK | |
r-oldrel-macos-arm64 | 1.5.1 | 72.00 | OK | |||
r-oldrel-macos-x86_64 | 1.5.1 | 129.00 | OK | |||
r-oldrel-windows-x86_64 | 1.5.1 | 13.00 | 91.00 | 104.00 | OK |
Version: 1.5.1
Check: installed package size
Result: NOTE
installed size is 5.4Mb
sub-directories of 1Mb or more:
libs 5.0Mb
Flavor: r-devel-linux-x86_64-fedora-clang