Last updated on 2024-08-07 00:49:17 CEST.
Flavor | Version | Tinstall | Tcheck | Ttotal | Status | Flags |
---|---|---|---|---|---|---|
r-devel-linux-x86_64-debian-clang | 0.0.5 | 5.96 | 53.21 | 59.17 | OK | |
r-devel-linux-x86_64-debian-gcc | 0.0.5 | 4.25 | 38.42 | 42.67 | OK | |
r-devel-linux-x86_64-fedora-clang | 0.0.5 | 94.91 | NOTE | |||
r-devel-linux-x86_64-fedora-gcc | 0.0.5 | 102.18 | OK | |||
r-devel-windows-x86_64 | 0.0.5 | 8.00 | 72.00 | 80.00 | OK | |
r-patched-linux-x86_64 | 0.0.5 | 5.73 | 50.58 | 56.31 | OK | |
r-release-linux-x86_64 | 0.0.5 | 5.18 | 52.10 | 57.28 | OK | |
r-release-macos-arm64 | 0.0.5 | 34.00 | OK | |||
r-release-macos-x86_64 | 0.0.5 | 51.00 | OK | |||
r-release-windows-x86_64 | 0.0.5 | 8.00 | 86.00 | 94.00 | OK | |
r-oldrel-macos-arm64 | 0.0.5 | 37.00 | OK | |||
r-oldrel-macos-x86_64 | 0.0.5 | 55.00 | OK | |||
r-oldrel-windows-x86_64 | 0.0.5 | 9.00 | 77.00 | 86.00 | OK |
Version: 0.0.5
Check: Rd cross-references
Result: NOTE
Undeclared package ‘RColorBrewer’ in Rd xrefs
Flavor: r-devel-linux-x86_64-fedora-clang