Last updated on 2024-08-07 00:49:17 CEST.
Flavor | Version | Tinstall | Tcheck | Ttotal | Status | Flags |
---|---|---|---|---|---|---|
r-devel-linux-x86_64-debian-clang | 0.6.2 | 15.47 | 312.60 | 328.07 | OK | |
r-devel-linux-x86_64-debian-gcc | 0.6.2 | 11.01 | 241.82 | 252.83 | OK | |
r-devel-linux-x86_64-fedora-clang | 0.6.2 | 530.92 | NOTE | |||
r-devel-linux-x86_64-fedora-gcc | 0.6.2 | 529.82 | NOTE | |||
r-devel-windows-x86_64 | 0.6.2 | 20.00 | 395.00 | 415.00 | OK | |
r-patched-linux-x86_64 | 0.6.2 | 12.99 | 306.72 | 319.71 | OK | |
r-release-linux-x86_64 | 0.6.2 | 15.21 | 306.65 | 321.86 | OK | |
r-release-macos-arm64 | 0.6.2 | 117.00 | OK | |||
r-release-macos-x86_64 | 0.6.2 | 254.00 | OK | |||
r-release-windows-x86_64 | 0.6.2 | 21.00 | 834.00 | 855.00 | OK | |
r-oldrel-macos-arm64 | 0.6.2 | 164.00 | OK | |||
r-oldrel-macos-x86_64 | 0.6.2 | 378.00 | OK | |||
r-oldrel-windows-x86_64 | 0.6.2 | 23.00 | 411.00 | 434.00 | OK |
Version: 0.6.2
Check: data for non-ASCII characters
Result: NOTE
Note: found 208 marked UTF-8 strings
Flavors: r-devel-linux-x86_64-fedora-clang, r-devel-linux-x86_64-fedora-gcc