Last updated on 2024-08-07 00:49:17 CEST.
Flavor | Version | Tinstall | Tcheck | Ttotal | Status | Flags |
---|---|---|---|---|---|---|
r-devel-linux-x86_64-debian-clang | 1.1.0 | 29.04 | 204.11 | 233.15 | OK | |
r-devel-linux-x86_64-debian-gcc | 1.1.0 | 18.10 | 143.81 | 161.91 | OK | |
r-devel-linux-x86_64-fedora-clang | 1.1.0 | 385.27 | NOTE | |||
r-devel-linux-x86_64-fedora-gcc | 1.1.0 | 379.84 | NOTE | |||
r-devel-windows-x86_64 | 1.1.0 | 27.00 | 289.00 | 316.00 | OK | |
r-patched-linux-x86_64 | 1.1.0 | 28.92 | 190.01 | 218.93 | OK | |
r-release-linux-x86_64 | 1.1.0 | 25.91 | 193.65 | 219.56 | OK | |
r-release-macos-arm64 | 1.1.0 | 100.00 | OK | |||
r-release-macos-x86_64 | 1.1.0 | 167.00 | OK | |||
r-release-windows-x86_64 | 1.1.0 | 27.00 | 636.00 | 663.00 | OK | |
r-oldrel-macos-arm64 | 1.1.0 | 119.00 | OK | |||
r-oldrel-macos-x86_64 | 1.1.0 | 179.00 | OK | |||
r-oldrel-windows-x86_64 | 1.1.0 | 36.00 | 286.00 | 322.00 | OK |
Version: 1.1.0
Check: dependencies in R code
Result: NOTE
Namespace in Imports field not imported from: ‘methods’
All declared Imports should be used.
Flavors: r-devel-linux-x86_64-fedora-clang, r-devel-linux-x86_64-fedora-gcc
Version: 1.1.0
Check: data for non-ASCII characters
Result: NOTE
Note: found 11 marked UTF-8 strings
Flavors: r-devel-linux-x86_64-fedora-clang, r-devel-linux-x86_64-fedora-gcc