Last updated on 2024-08-07 00:49:17 CEST.
Flavor | Version | Tinstall | Tcheck | Ttotal | Status | Flags |
---|---|---|---|---|---|---|
r-devel-linux-x86_64-debian-clang | 0.5.1 | 3.48 | 47.77 | 51.25 | OK | |
r-devel-linux-x86_64-debian-gcc | 0.5.1 | 2.55 | 36.08 | 38.63 | OK | |
r-devel-linux-x86_64-fedora-clang | 0.5.1 | 84.27 | NOTE | |||
r-devel-linux-x86_64-fedora-gcc | 0.5.1 | 91.39 | NOTE | |||
r-devel-windows-x86_64 | 0.5.1 | 5.00 | 72.00 | 77.00 | OK | |
r-patched-linux-x86_64 | 0.5.1 | 3.29 | 46.39 | 49.68 | OK | |
r-release-linux-x86_64 | 0.5.1 | 2.95 | 46.11 | 49.06 | OK | |
r-release-macos-arm64 | 0.5.1 | 54.00 | OK | |||
r-release-macos-x86_64 | 0.5.1 | 93.00 | OK | |||
r-release-windows-x86_64 | 0.5.1 | 5.00 | 83.00 | 88.00 | OK | |
r-oldrel-macos-arm64 | 0.5.1 | 60.00 | OK | |||
r-oldrel-macos-x86_64 | 0.5.1 | 78.00 | OK | |||
r-oldrel-windows-x86_64 | 0.5.1 | 6.00 | 71.00 | 77.00 | OK |
Version: 0.5.1
Check: data for non-ASCII characters
Result: NOTE
Note: found 1178 marked UTF-8 strings
Flavors: r-devel-linux-x86_64-fedora-clang, r-devel-linux-x86_64-fedora-gcc