Last updated on 2024-08-07 00:49:17 CEST.
Flavor | Version | Tinstall | Tcheck | Ttotal | Status | Flags |
---|---|---|---|---|---|---|
r-devel-linux-x86_64-debian-clang | 0.4.0 | 3.61 | 61.77 | 65.38 | OK | |
r-devel-linux-x86_64-debian-gcc | 0.4.0 | 2.50 | 45.76 | 48.26 | OK | |
r-devel-linux-x86_64-fedora-clang | 0.4.0 | 109.12 | OK | |||
r-devel-linux-x86_64-fedora-gcc | 0.4.0 | 119.96 | OK | |||
r-devel-windows-x86_64 | 0.4.0 | 5.00 | 103.00 | 108.00 | OK | |
r-patched-linux-x86_64 | 0.4.0 | 3.67 | 60.14 | 63.81 | OK | |
r-release-linux-x86_64 | 0.4.0 | 3.07 | 1830.02 | 1833.09 | ERROR | |
r-release-macos-arm64 | 0.4.0 | 50.00 | OK | |||
r-release-macos-x86_64 | 0.4.0 | 78.00 | OK | |||
r-release-windows-x86_64 | 0.4.0 | 4.00 | 126.00 | 130.00 | OK | |
r-oldrel-macos-arm64 | 0.4.0 | 49.00 | OK | |||
r-oldrel-macos-x86_64 | 0.4.0 | 74.00 | OK | |||
r-oldrel-windows-x86_64 | 0.4.0 | 4.00 | 103.00 | 107.00 | OK |
Version: 0.4.0
Check: tests
Result: ERROR
Running ‘testthat.R’ [30m/36m]
Running the tests in ‘tests/testthat.R’ failed.
Complete output:
> library(testthat)
> library(git2rdata)
>
> test_check("git2rdata")
Killed
Flavor: r-release-linux-x86_64