Last updated on 2024-08-07 00:49:17 CEST.
Flavor | Version | Tinstall | Tcheck | Ttotal | Status | Flags |
---|---|---|---|---|---|---|
r-devel-linux-x86_64-debian-clang | 3.0.1 | 89.75 | 28.78 | 118.53 | NOTE | |
r-devel-linux-x86_64-debian-gcc | 3.0.1 | 193.18 | 22.63 | 215.81 | NOTE | |
r-devel-linux-x86_64-fedora-clang | 3.0.1 | 168.28 | NOTE | |||
r-devel-linux-x86_64-fedora-gcc | 3.0.1 | 422.57 | NOTE | |||
r-devel-windows-x86_64 | 3.0.1 | 344.00 | 69.00 | 413.00 | NOTE | |
r-patched-linux-x86_64 | 3.0.1 | 218.66 | 27.90 | 246.56 | NOTE | |
r-release-linux-x86_64 | 3.0.1 | 212.73 | 27.96 | 240.69 | NOTE | |
r-release-macos-arm64 | 3.0.1 | 52.00 | NOTE | |||
r-release-macos-x86_64 | 3.0.1 | 104.00 | NOTE | |||
r-release-windows-x86_64 | 3.0.1 | 319.00 | 81.00 | 400.00 | NOTE | |
r-oldrel-macos-arm64 | 3.0.1 | 62.00 | NOTE | |||
r-oldrel-macos-x86_64 | 3.0.1 | 123.00 | NOTE | |||
r-oldrel-windows-x86_64 | 3.0.1 | 330.00 | 77.00 | 407.00 | NOTE |
Version: 3.0.1
Check: C++ specification
Result: NOTE
Specified C++11: please drop specification unless essential
Flavors: r-devel-linux-x86_64-debian-clang, r-devel-linux-x86_64-debian-gcc, r-devel-linux-x86_64-fedora-clang, r-devel-linux-x86_64-fedora-gcc, r-devel-windows-x86_64, r-patched-linux-x86_64, r-release-linux-x86_64, r-release-macos-arm64, r-release-macos-x86_64, r-release-windows-x86_64, r-oldrel-macos-arm64, r-oldrel-macos-x86_64, r-oldrel-windows-x86_64
Version: 3.0.1
Check: installed package size
Result: NOTE
installed size is 9.9Mb
sub-directories of 1Mb or more:
libs 9.8Mb
Flavors: r-release-macos-arm64, r-release-macos-x86_64, r-oldrel-macos-arm64, r-oldrel-macos-x86_64