Last updated on 2024-08-07 00:49:17 CEST.
Flavor | Version | Tinstall | Tcheck | Ttotal | Status | Flags |
---|---|---|---|---|---|---|
r-devel-linux-x86_64-debian-clang | 1.0.4 | 10.88 | 24.94 | 35.82 | NOTE | |
r-devel-linux-x86_64-debian-gcc | 1.0.4 | 8.89 | 19.36 | 28.25 | NOTE | |
r-devel-linux-x86_64-fedora-clang | 1.0.4 | 62.27 | NOTE | |||
r-devel-linux-x86_64-fedora-gcc | 1.0.4 | 65.81 | NOTE | |||
r-devel-windows-x86_64 | 1.0.4 | 15.00 | 65.00 | 80.00 | NOTE | |
r-patched-linux-x86_64 | 1.0.4 | 13.00 | 24.15 | 37.15 | NOTE | |
r-release-linux-x86_64 | 1.0.4 | 12.48 | 24.11 | 36.59 | NOTE | |
r-release-macos-arm64 | 1.0.4 | 23.00 | NOTE | |||
r-release-macos-x86_64 | 1.0.4 | 31.00 | NOTE | |||
r-release-windows-x86_64 | 1.0.4 | 15.00 | 72.00 | 87.00 | NOTE | |
r-oldrel-macos-arm64 | 1.0.4 | 25.00 | NOTE | |||
r-oldrel-macos-x86_64 | 1.0.4 | 38.00 | NOTE | |||
r-oldrel-windows-x86_64 | 1.0.4 | 14.00 | 67.00 | 81.00 | NOTE |
Version: 1.0.4
Check: LazyData
Result: NOTE
'LazyData' is specified without a 'data' directory
Flavors: r-devel-linux-x86_64-debian-clang, r-devel-linux-x86_64-debian-gcc, r-devel-linux-x86_64-fedora-clang, r-devel-linux-x86_64-fedora-gcc, r-devel-windows-x86_64, r-patched-linux-x86_64, r-release-linux-x86_64, r-release-macos-arm64, r-release-macos-x86_64, r-release-windows-x86_64, r-oldrel-macos-arm64, r-oldrel-macos-x86_64, r-oldrel-windows-x86_64