Last updated on 2024-08-07 00:49:17 CEST.
Flavor | Version | Tinstall | Tcheck | Ttotal | Status | Flags |
---|---|---|---|---|---|---|
r-devel-linux-x86_64-debian-clang | 1.6.3 | 61.36 | 128.02 | 189.38 | OK | |
r-devel-linux-x86_64-debian-gcc | 1.6.3 | 43.08 | 83.51 | 126.59 | OK | |
r-devel-linux-x86_64-fedora-clang | 1.6.3 | 321.14 | NOTE | |||
r-devel-linux-x86_64-fedora-gcc | 1.6.3 | 324.40 | OK | |||
r-devel-windows-x86_64 | 1.6.3 | 63.00 | 130.00 | 193.00 | OK | |
r-patched-linux-x86_64 | 1.6.3 | 56.12 | 122.93 | 179.05 | OK | |
r-release-linux-x86_64 | 1.6.3 | 62.41 | 122.60 | 185.01 | OK | |
r-release-macos-arm64 | 1.6.3 | 73.00 | NOTE | |||
r-release-macos-x86_64 | 1.6.3 | 118.00 | NOTE | |||
r-release-windows-x86_64 | 1.6.3 | 61.00 | 133.00 | 194.00 | OK | |
r-oldrel-macos-arm64 | 1.6.3 | 73.00 | NOTE | |||
r-oldrel-macos-x86_64 | 1.6.3 | 179.00 | NOTE | |||
r-oldrel-windows-x86_64 | 1.6.3 | 78.00 | 168.00 | 246.00 | OK |
Version: 1.6.3
Check: Rd cross-references
Result: NOTE
Undeclared package ‘GMMBoost’ in Rd xrefs
Flavor: r-devel-linux-x86_64-fedora-clang
Version: 1.6.3
Check: installed package size
Result: NOTE
installed size is 10.6Mb
sub-directories of 1Mb or more:
libs 10.0Mb
Flavors: r-release-macos-arm64, r-release-macos-x86_64, r-oldrel-macos-arm64, r-oldrel-macos-x86_64