Last updated on 2024-08-07 00:49:18 CEST.
Flavor | Version | Tinstall | Tcheck | Ttotal | Status | Flags |
---|---|---|---|---|---|---|
r-devel-linux-x86_64-debian-clang | 1.1.0 | 4.05 | 59.44 | 63.49 | OK | |
r-devel-linux-x86_64-debian-gcc | 1.1.0 | 3.34 | 41.98 | 45.32 | OK | |
r-devel-linux-x86_64-fedora-clang | 1.1.0 | 105.44 | OK | |||
r-devel-linux-x86_64-fedora-gcc | 1.1.0 | 113.39 | OK | |||
r-devel-windows-x86_64 | 1.1.0 | 7.00 | 80.00 | 87.00 | OK | |
r-patched-linux-x86_64 | 1.1.0 | 4.89 | 57.50 | 62.39 | OK | |
r-release-linux-x86_64 | 1.1.0 | 4.03 | 58.01 | 62.04 | OK | |
r-release-macos-arm64 | 1.1.0 | 5.00 | ERROR | |||
r-release-macos-x86_64 | 1.1.0 | 8.00 | ERROR | |||
r-release-windows-x86_64 | 1.1.0 | 9.00 | 5.00 | 14.00 | ERROR | |
r-oldrel-macos-arm64 | 1.0.1 | 45.00 | OK | |||
r-oldrel-macos-x86_64 | 1.0.1 | 77.00 | OK | |||
r-oldrel-windows-x86_64 | 1.0.1 | 9.00 | 90.00 | 99.00 | OK |
Version: 1.1.0
Check: package dependencies
Result: ERROR
Package required and available but unsuitable version: ‘stats’
See section ‘The DESCRIPTION file’ in the ‘Writing R Extensions’
manual.
Flavors: r-release-macos-arm64, r-release-macos-x86_64, r-release-windows-x86_64