Last updated on 2024-08-07 00:49:18 CEST.
Flavor | Version | Tinstall | Tcheck | Ttotal | Status | Flags |
---|---|---|---|---|---|---|
r-devel-linux-x86_64-debian-clang | 0.7-10 | 2.50 | 27.18 | 29.68 | OK | |
r-devel-linux-x86_64-debian-gcc | 0.7-10 | 1.96 | 21.55 | 23.51 | OK | |
r-devel-linux-x86_64-fedora-clang | 0.7-10 | 48.92 | NOTE | |||
r-devel-linux-x86_64-fedora-gcc | 0.7-10 | 60.22 | OK | |||
r-devel-windows-x86_64 | 0.7-10 | 4.00 | 48.00 | 52.00 | OK | |
r-patched-linux-x86_64 | 0.7-10 | 2.63 | 26.30 | 28.93 | OK | |
r-release-linux-x86_64 | 0.7-10 | 2.41 | 26.35 | 28.76 | OK | |
r-release-macos-arm64 | 0.7-10 | 23.00 | OK | |||
r-release-macos-x86_64 | 0.7-10 | 35.00 | OK | |||
r-release-windows-x86_64 | 0.7-10 | 4.00 | 56.00 | 60.00 | OK | |
r-oldrel-macos-arm64 | 0.7-10 | 36.00 | OK | |||
r-oldrel-macos-x86_64 | 0.7-10 | 81.00 | OK | |||
r-oldrel-windows-x86_64 | 0.7-10 | 4.00 | 50.00 | 54.00 | OK |
Version: 0.7-10
Check: Rd cross-references
Result: NOTE
Undeclared packages ‘openxlsx’, ‘readxl’ in Rd xrefs
Flavor: r-devel-linux-x86_64-fedora-clang