Last updated on 2024-08-07 00:49:18 CEST.
Flavor | Version | Tinstall | Tcheck | Ttotal | Status | Flags |
---|---|---|---|---|---|---|
r-devel-linux-x86_64-debian-clang | 0.1.2 | 27.79 | 98.73 | 126.52 | OK | |
r-devel-linux-x86_64-debian-gcc | 0.1.2 | 19.30 | 69.39 | 88.69 | OK | |
r-devel-linux-x86_64-fedora-clang | 0.1.2 | 209.92 | NOTE | |||
r-devel-linux-x86_64-fedora-gcc | 0.1.2 | 204.82 | NOTE | |||
r-devel-windows-x86_64 | 0.1.2 | 31.00 | 127.00 | 158.00 | OK | |
r-patched-linux-x86_64 | 0.1.2 | 27.15 | 92.84 | 119.99 | OK | |
r-release-linux-x86_64 | 0.1.2 | 24.00 | 93.01 | 117.01 | OK | |
r-release-macos-arm64 | 0.1.2 | 58.00 | OK | |||
r-release-macos-x86_64 | 0.1.2 | 88.00 | OK | |||
r-release-windows-x86_64 | 0.1.2 | 30.00 | 140.00 | 170.00 | OK | |
r-oldrel-macos-arm64 | 0.1.2 | 64.00 | OK | |||
r-oldrel-macos-x86_64 | 0.1.2 | 133.00 | OK | |||
r-oldrel-windows-x86_64 | 0.1.2 | 41.00 | 157.00 | 198.00 | OK |
Version: 0.1.2
Check: data for non-ASCII characters
Result: NOTE
Note: found 1352 marked UTF-8 strings
Flavors: r-devel-linux-x86_64-fedora-clang, r-devel-linux-x86_64-fedora-gcc