Last updated on 2024-08-07 00:49:18 CEST.
Flavor | Version | Tinstall | Tcheck | Ttotal | Status | Flags |
---|---|---|---|---|---|---|
r-devel-linux-x86_64-debian-clang | 1.8.0 | 10.51 | 165.69 | 176.20 | OK | |
r-devel-linux-x86_64-debian-gcc | 1.8.0 | 8.00 | 114.78 | 122.78 | OK | |
r-devel-linux-x86_64-fedora-clang | 1.8.0 | 292.84 | NOTE | |||
r-devel-linux-x86_64-fedora-gcc | 1.8.0 | 286.85 | NOTE | |||
r-devel-windows-x86_64 | 1.8.0 | 16.00 | 200.00 | 216.00 | OK | |
r-patched-linux-x86_64 | 1.8.0 | 14.57 | 159.70 | 174.27 | OK | |
r-release-linux-x86_64 | 1.8.0 | 11.66 | 158.15 | 169.81 | OK | |
r-release-macos-arm64 | 1.8.0 | 84.00 | OK | |||
r-release-macos-x86_64 | 1.8.0 | 127.00 | OK | |||
r-release-windows-x86_64 | 1.8.0 | 15.00 | 2102.00 | 2117.00 | OK | |
r-oldrel-macos-arm64 | 1.8.0 | 84.00 | OK | |||
r-oldrel-macos-x86_64 | 1.8.0 | 138.00 | OK | |||
r-oldrel-windows-x86_64 | 1.8.0 | 20.00 | 225.00 | 245.00 | OK |
Version: 1.8.0
Check: dependencies in R code
Result: NOTE
Namespace in Imports field not imported from: ‘Rdpack’
All declared Imports should be used.
Flavors: r-devel-linux-x86_64-fedora-clang, r-devel-linux-x86_64-fedora-gcc