Last updated on 2024-08-07 00:49:18 CEST.
Flavor | Version | Tinstall | Tcheck | Ttotal | Status | Flags |
---|---|---|---|---|---|---|
r-devel-linux-x86_64-debian-clang | 1.6.1 | 43.29 | 49.05 | 92.34 | NOTE | |
r-devel-linux-x86_64-debian-gcc | 1.6.1 | 33.55 | 37.46 | 71.01 | NOTE | |
r-devel-linux-x86_64-fedora-clang | 1.6.1 | 148.32 | NOTE | |||
r-devel-linux-x86_64-fedora-gcc | 1.6.1 | 173.48 | NOTE | |||
r-devel-windows-x86_64 | 1.6.1 | 44.00 | 91.00 | 135.00 | NOTE | |
r-patched-linux-x86_64 | 1.6.1 | 43.26 | 51.84 | 95.10 | NOTE | |
r-release-linux-x86_64 | 1.6.1 | 41.75 | 51.92 | 93.67 | NOTE | |
r-release-macos-arm64 | 1.6.1 | 46.00 | NOTE | |||
r-release-macos-x86_64 | 1.6.1 | 65.00 | NOTE | |||
r-release-windows-x86_64 | 1.6.1 | 45.00 | 108.00 | 153.00 | NOTE | |
r-oldrel-macos-arm64 | 1.6.1 | 51.00 | NOTE | |||
r-oldrel-macos-x86_64 | 1.6.1 | 75.00 | NOTE | |||
r-oldrel-windows-x86_64 | 1.6.1 | 52.00 | 110.00 | 162.00 | NOTE |
Version: 1.6.1
Check: C++ specification
Result: NOTE
Specified C++11: please drop specification unless essential
Flavors: r-devel-linux-x86_64-debian-clang, r-devel-linux-x86_64-debian-gcc, r-devel-linux-x86_64-fedora-clang, r-devel-linux-x86_64-fedora-gcc, r-devel-windows-x86_64, r-patched-linux-x86_64, r-release-linux-x86_64, r-release-macos-arm64, r-release-macos-x86_64, r-release-windows-x86_64, r-oldrel-macos-arm64, r-oldrel-macos-x86_64, r-oldrel-windows-x86_64
Version: 1.6.1
Check: installed package size
Result: NOTE
installed size is 15.9Mb
sub-directories of 1Mb or more:
libs 15.8Mb
Flavors: r-release-macos-arm64, r-release-macos-x86_64, r-oldrel-macos-arm64, r-oldrel-macos-x86_64