Last updated on 2024-08-07 00:49:18 CEST.
Flavor | Version | Tinstall | Tcheck | Ttotal | Status | Flags |
---|---|---|---|---|---|---|
r-devel-linux-x86_64-debian-clang | 0.3.1 | 9.51 | 70.68 | 80.19 | NOTE | |
r-devel-linux-x86_64-debian-gcc | 0.3.1 | 6.32 | 50.30 | 56.62 | NOTE | |
r-devel-linux-x86_64-fedora-clang | 0.3.1 | 137.99 | OK | |||
r-devel-linux-x86_64-fedora-gcc | 0.3.1 | 119.54 | OK | |||
r-devel-windows-x86_64 | 0.3.1 | 11.00 | 82.00 | 93.00 | NOTE | |
r-patched-linux-x86_64 | 0.3.1 | 14.73 | 68.15 | 82.88 | OK | |
r-release-linux-x86_64 | 0.3.1 | 8.03 | 67.62 | 75.65 | OK | |
r-release-macos-arm64 | 0.3.1 | 38.00 | OK | |||
r-release-macos-x86_64 | 0.3.1 | 57.00 | OK | |||
r-release-windows-x86_64 | 0.3.1 | 11.00 | 82.00 | 93.00 | OK | |
r-oldrel-macos-arm64 | 0.3.1 | 38.00 | OK | |||
r-oldrel-macos-x86_64 | 0.3.1 | 111.00 | OK | |||
r-oldrel-windows-x86_64 | 0.3.1 | 14.00 | 97.00 | 111.00 | OK |
Version: 0.3.1
Check: Rd cross-references
Result: NOTE
Found the following Rd file(s) with Rd \link{} targets missing package
anchors:
get_stream_network_interactively.Rd: elevatr
Please provide package anchors for all Rd \link{} targets not in the
package itself and the base packages.
Flavors: r-devel-linux-x86_64-debian-clang, r-devel-linux-x86_64-debian-gcc, r-devel-windows-x86_64