Last updated on 2024-08-07 00:49:18 CEST.
Flavor | Version | Tinstall | Tcheck | Ttotal | Status | Flags |
---|---|---|---|---|---|---|
r-devel-linux-x86_64-debian-clang | 1.0.3 | 96.09 | 81.54 | 177.63 | OK | |
r-devel-linux-x86_64-debian-gcc | 1.0.3 | 65.97 | 54.30 | 120.27 | OK | |
r-devel-linux-x86_64-fedora-clang | 1.0.3 | 331.18 | OK | |||
r-devel-linux-x86_64-fedora-gcc | 1.0.3 | 359.76 | OK | |||
r-devel-windows-x86_64 | 1.0.3 | 105.00 | 128.00 | 233.00 | OK | |
r-patched-linux-x86_64 | 1.0.3 | 87.63 | 77.61 | 165.24 | OK | |
r-release-linux-x86_64 | 1.0.3 | 91.42 | 78.73 | 170.15 | OK | |
r-release-macos-arm64 | 1.0.3 | 83.00 | NOTE | |||
r-release-macos-x86_64 | 1.0.3 | 96.00 | NOTE | |||
r-release-windows-x86_64 | 1.0.3 | 103.00 | 133.00 | 236.00 | OK | |
r-oldrel-macos-arm64 | 1.0.3 | 91.00 | NOTE | |||
r-oldrel-macos-x86_64 | 1.0.3 | 124.00 | NOTE | |||
r-oldrel-windows-x86_64 | 1.0.3 | 123.00 | 146.00 | 269.00 | OK |
Version: 1.0.3
Check: installed package size
Result: NOTE
installed size is 11.9Mb
sub-directories of 1Mb or more:
libs 11.4Mb
Flavors: r-release-macos-arm64, r-release-macos-x86_64, r-oldrel-macos-arm64, r-oldrel-macos-x86_64