Last updated on 2024-08-07 00:49:18 CEST.
Flavor | Version | Tinstall | Tcheck | Ttotal | Status | Flags |
---|---|---|---|---|---|---|
r-devel-linux-x86_64-debian-clang | 2.3.1 | 1276.31 | 159.89 | 1436.20 | NOTE | |
r-devel-linux-x86_64-debian-gcc | 2.3.1 | 1020.18 | 181.84 | 1202.02 | NOTE | |
r-devel-linux-x86_64-fedora-clang | 2.3.1 | 2144.13 | NOTE | |||
r-devel-linux-x86_64-fedora-gcc | 2.3.1 | 3218.72 | NOTE | |||
r-devel-windows-x86_64 | 2.3.1 | 1088.00 | 256.00 | 1344.00 | NOTE | |
r-patched-linux-x86_64 | 2.3.1 | 1245.54 | 242.93 | 1488.47 | NOTE | |
r-release-linux-x86_64 | 2.3.1 | 1291.84 | 243.30 | 1535.14 | NOTE | |
r-release-macos-arm64 | 2.3.1 | 631.00 | NOTE | |||
r-release-macos-x86_64 | 2.3.1 | 548.00 | NOTE | |||
r-release-windows-x86_64 | 2.3.1 | 1102.00 | 256.00 | 1358.00 | NOTE | |
r-oldrel-macos-arm64 | 2.3.1 | 568.00 | NOTE | |||
r-oldrel-macos-x86_64 | 2.3.1 | 528.00 | NOTE | |||
r-oldrel-windows-x86_64 | 2.3.1 | 1483.00 | 316.00 | 1799.00 | NOTE |
Version: 2.3.1
Check: for GNU extensions in Makefiles
Result: NOTE
GNU make is a SystemRequirements.
Flavors: r-devel-linux-x86_64-debian-clang, r-devel-linux-x86_64-debian-gcc, r-devel-linux-x86_64-fedora-clang, r-devel-linux-x86_64-fedora-gcc, r-devel-windows-x86_64, r-patched-linux-x86_64, r-release-linux-x86_64, r-release-macos-arm64, r-release-macos-x86_64, r-release-windows-x86_64, r-oldrel-macos-arm64, r-oldrel-macos-x86_64, r-oldrel-windows-x86_64
Version: 2.3.1
Check: installed package size
Result: NOTE
installed size is 15.0Mb
sub-directories of 1Mb or more:
libs 13.3Mb
Flavors: r-devel-linux-x86_64-fedora-clang, r-devel-windows-x86_64, r-release-macos-arm64, r-release-macos-x86_64, r-release-windows-x86_64, r-oldrel-macos-arm64, r-oldrel-macos-x86_64, r-oldrel-windows-x86_64