Last updated on 2024-08-07 00:49:18 CEST.
Flavor | Version | Tinstall | Tcheck | Ttotal | Status | Flags |
---|---|---|---|---|---|---|
r-devel-linux-x86_64-debian-clang | 1.1.2 | 2.73 | 29.69 | 32.42 | NOTE | |
r-devel-linux-x86_64-debian-gcc | 1.1.2 | 1.90 | 22.94 | 24.84 | NOTE | |
r-devel-linux-x86_64-fedora-clang | 1.1.2 | 52.60 | NOTE | |||
r-devel-linux-x86_64-fedora-gcc | 1.1.2 | 62.77 | NOTE | |||
r-devel-windows-x86_64 | 1.1.2 | 3.00 | 62.00 | 65.00 | NOTE | |
r-patched-linux-x86_64 | 1.1.2 | 2.53 | 28.75 | 31.28 | NOTE | |
r-release-linux-x86_64 | 1.1.2 | 2.01 | 28.68 | 30.69 | NOTE | |
r-release-macos-arm64 | 1.1.2 | 24.00 | NOTE | |||
r-release-macos-x86_64 | 1.1.2 | 45.00 | NOTE | |||
r-release-windows-x86_64 | 1.1.2 | 3.00 | 62.00 | 65.00 | NOTE | |
r-oldrel-macos-arm64 | 1.1.2 | 29.00 | OK | |||
r-oldrel-macos-x86_64 | 1.1.2 | 71.00 | OK | |||
r-oldrel-windows-x86_64 | 1.1.2 | 3.00 | 58.00 | 61.00 | OK |
Version: 1.1.2
Check: Rd files
Result: NOTE
checkRd: (-1) deff.sigma.Rd:28: Lost braces in \itemize; meant \describe ?
checkRd: (-1) deff.sigma.Rd:29: Lost braces in \itemize; meant \describe ?
checkRd: (-1) deff.sigma.Rd:30: Lost braces in \itemize; meant \describe ?
checkRd: (-1) deff.sigma.Rd:31: Lost braces in \itemize; meant \describe ?
checkRd: (-1) deff.sigma.Rd:32: Lost braces in \itemize; meant \describe ?
checkRd: (-1) deff.sigma.Rd:33: Lost braces in \itemize; meant \describe ?
checkRd: (-1) deff.sigma.Rd:34: Lost braces in \itemize; meant \describe ?
checkRd: (-1) deff.sigma.Rd:35: Lost braces in \itemize; meant \describe ?
Flavors: r-devel-linux-x86_64-debian-clang, r-devel-linux-x86_64-debian-gcc, r-devel-linux-x86_64-fedora-clang, r-devel-linux-x86_64-fedora-gcc, r-devel-windows-x86_64, r-patched-linux-x86_64, r-release-linux-x86_64, r-release-macos-arm64, r-release-macos-x86_64, r-release-windows-x86_64