Last updated on 2024-08-07 00:49:18 CEST.
Flavor | Version | Tinstall | Tcheck | Ttotal | Status | Flags |
---|---|---|---|---|---|---|
r-devel-linux-x86_64-debian-clang | 0.0.3 | 13.42 | 89.76 | 103.18 | NOTE | |
r-devel-linux-x86_64-debian-gcc | 0.0.3 | 10.15 | 63.53 | 73.68 | NOTE | |
r-devel-linux-x86_64-fedora-clang | 0.0.3 | 169.49 | NOTE | |||
r-devel-linux-x86_64-fedora-gcc | 0.0.3 | 161.94 | NOTE | |||
r-devel-windows-x86_64 | 0.0.3 | 16.00 | 98.00 | 114.00 | NOTE | |
r-patched-linux-x86_64 | 0.0.3 | 13.88 | 85.71 | 99.59 | NOTE | |
r-release-linux-x86_64 | 0.0.3 | 13.20 | 86.07 | 99.27 | NOTE | |
r-release-macos-arm64 | 0.0.3 | 46.00 | NOTE | |||
r-release-macos-x86_64 | 0.0.3 | 72.00 | NOTE | |||
r-release-windows-x86_64 | 0.0.3 | 16.00 | 104.00 | 120.00 | NOTE | |
r-oldrel-macos-arm64 | 0.0.3 | 54.00 | NOTE | |||
r-oldrel-macos-x86_64 | 0.0.3 | 84.00 | NOTE | |||
r-oldrel-windows-x86_64 | 0.0.3 | 20.00 | 117.00 | 137.00 | NOTE |
Version: 0.0.3
Check: package dependencies
Result: NOTE
Package suggested but not available for checking: ‘cmdstanr’
Flavors: r-devel-linux-x86_64-debian-clang, r-devel-linux-x86_64-debian-gcc, r-devel-linux-x86_64-fedora-clang, r-devel-linux-x86_64-fedora-gcc, r-devel-windows-x86_64, r-patched-linux-x86_64, r-release-linux-x86_64, r-release-macos-arm64, r-release-macos-x86_64, r-release-windows-x86_64, r-oldrel-macos-arm64, r-oldrel-macos-x86_64, r-oldrel-windows-x86_64