Last updated on 2024-08-07 00:49:18 CEST.
Flavor | Version | Tinstall | Tcheck | Ttotal | Status | Flags |
---|---|---|---|---|---|---|
r-devel-linux-x86_64-debian-clang | 0.0.1 | 15.99 | 216.94 | 232.93 | NOTE | |
r-devel-linux-x86_64-debian-gcc | 0.0.1 | 11.58 | 137.40 | 148.98 | NOTE | |
r-devel-linux-x86_64-fedora-clang | 0.0.1 | 380.97 | OK | |||
r-devel-linux-x86_64-fedora-gcc | 0.0.1 | 386.51 | OK | |||
r-devel-windows-x86_64 | 0.0.1 | 17.00 | 211.00 | 228.00 | NOTE | |
r-patched-linux-x86_64 | 0.0.1 | 17.48 | 206.11 | 223.59 | OK | |
r-release-linux-x86_64 | 0.0.1 | 16.79 | 210.75 | 227.54 | OK | |
r-release-macos-arm64 | 0.0.1 | 77.00 | OK | |||
r-release-macos-x86_64 | 0.0.1 | 153.00 | OK | |||
r-release-windows-x86_64 | 0.0.1 | 18.00 | 238.00 | 256.00 | OK | |
r-oldrel-macos-arm64 | 0.0.1 | 90.00 | OK | |||
r-oldrel-macos-x86_64 | 0.0.1 | 170.00 | OK | |||
r-oldrel-windows-x86_64 | 0.0.1 | 23.00 | 265.00 | 288.00 | OK |
Version: 0.0.1
Check: Rd cross-references
Result: NOTE
Found the following Rd file(s) with Rd \link{} targets missing package
anchors:
cure_estimate.Rd: survfit
nonzerocure_test.Rd: survfit
sufficient_fu_test.Rd: survfit
Please provide package anchors for all Rd \link{} targets not in the
package itself and the base packages.
Flavors: r-devel-linux-x86_64-debian-clang, r-devel-linux-x86_64-debian-gcc, r-devel-windows-x86_64