Last updated on 2024-08-07 00:49:18 CEST.
Flavor | Version | Tinstall | Tcheck | Ttotal | Status | Flags |
---|---|---|---|---|---|---|
r-devel-linux-x86_64-debian-clang | 1.1.1 | 17.60 | 32.52 | 50.12 | OK | |
r-devel-linux-x86_64-debian-gcc | 1.1.1 | 16.99 | 25.40 | 42.39 | OK | |
r-devel-linux-x86_64-fedora-clang | 1.1.1 | 82.66 | OK | |||
r-devel-linux-x86_64-fedora-gcc | 1.1.1 | 81.56 | OK | |||
r-devel-windows-x86_64 | 1.1.1 | 22.00 | 58.00 | 80.00 | OK | |
r-patched-linux-x86_64 | 1.1.1 | 20.04 | 32.96 | 53.00 | OK | |
r-release-linux-x86_64 | 1.1.1 | 19.93 | 32.24 | 52.17 | OK | |
r-release-macos-arm64 | 1.1.1 | 49.00 | NOTE | |||
r-release-macos-x86_64 | 1.1.1 | 100.00 | NOTE | |||
r-release-windows-x86_64 | 1.1.1 | 21.00 | 64.00 | 85.00 | OK | |
r-oldrel-macos-arm64 | 1.1.1 | 54.00 | NOTE | |||
r-oldrel-macos-x86_64 | 1.1.1 | 91.00 | NOTE | |||
r-oldrel-windows-x86_64 | 1.1.1 | 28.00 | 64.00 | 92.00 | OK |
Version: 1.1.1
Check: installed package size
Result: NOTE
installed size is 5.2Mb
sub-directories of 1Mb or more:
data 4.9Mb
Flavors: r-release-macos-arm64, r-release-macos-x86_64, r-oldrel-macos-arm64, r-oldrel-macos-x86_64