Last updated on 2024-08-07 00:49:18 CEST.
Flavor | Version | Tinstall | Tcheck | Ttotal | Status | Flags |
---|---|---|---|---|---|---|
r-devel-linux-x86_64-debian-clang | 1.0.4 | 10.92 | 70.43 | 81.35 | OK | |
r-devel-linux-x86_64-debian-gcc | 1.0.4 | 8.09 | 52.83 | 60.92 | OK | |
r-devel-linux-x86_64-fedora-clang | 1.0.4 | 143.16 | NOTE | |||
r-devel-linux-x86_64-fedora-gcc | 1.0.4 | 134.81 | NOTE | |||
r-devel-windows-x86_64 | 1.0.4 | 13.00 | 87.00 | 100.00 | OK | |
r-patched-linux-x86_64 | 1.0.4 | 10.35 | 67.44 | 77.79 | OK | |
r-release-linux-x86_64 | 1.0.4 | 11.28 | 68.79 | 80.07 | OK | |
r-release-macos-arm64 | 1.0.4 | 46.00 | OK | |||
r-release-macos-x86_64 | 1.0.4 | 69.00 | OK | |||
r-release-windows-x86_64 | 1.0.4 | 13.00 | 92.00 | 105.00 | OK | |
r-oldrel-macos-arm64 | 1.0.4 | 47.00 | OK | |||
r-oldrel-macos-x86_64 | 1.0.4 | 89.00 | OK | |||
r-oldrel-windows-x86_64 | 1.0.4 | 17.00 | 100.00 | 117.00 | OK |
Version: 1.0.4
Check: dependencies in R code
Result: NOTE
Namespaces in Imports field not imported from:
‘TidyDensity’ ‘healthyR’ ‘healthyR.ai’ ‘healthyR.data’ ‘healthyR.ts’
‘tidyAML’
All declared Imports should be used.
Flavors: r-devel-linux-x86_64-fedora-clang, r-devel-linux-x86_64-fedora-gcc