Last updated on 2024-08-07 00:49:18 CEST.
Flavor | Version | Tinstall | Tcheck | Ttotal | Status | Flags |
---|---|---|---|---|---|---|
r-devel-linux-x86_64-debian-clang | 0.0.8 | 203.95 | 234.61 | 438.56 | NOTE | |
r-devel-linux-x86_64-debian-gcc | 0.0.8 | 151.38 | 168.84 | 320.22 | NOTE | |
r-devel-linux-x86_64-fedora-clang | 0.0.8 | 676.66 | NOTE | |||
r-devel-linux-x86_64-fedora-gcc | 0.0.8 | 791.41 | NOTE | |||
r-devel-windows-x86_64 | 0.0.8 | 175.00 | 243.00 | 418.00 | NOTE | |
r-patched-linux-x86_64 | 0.0.8 | 199.04 | 231.00 | 430.04 | NOTE | |
r-release-linux-x86_64 | 0.0.8 | 191.07 | 231.26 | 422.33 | NOTE | |
r-release-macos-arm64 | 0.0.8 | 165.00 | NOTE | |||
r-release-macos-x86_64 | 0.0.8 | 304.00 | NOTE | |||
r-release-windows-x86_64 | 0.0.8 | 178.00 | 241.00 | 419.00 | NOTE | |
r-oldrel-macos-arm64 | 0.0.8 | 165.00 | NOTE | |||
r-oldrel-macos-x86_64 | 0.0.8 | 398.00 | NOTE | |||
r-oldrel-windows-x86_64 | 0.0.8 | 243.00 | 307.00 | 550.00 | NOTE |
Version: 0.0.8
Check: for GNU extensions in Makefiles
Result: NOTE
GNU make is a SystemRequirements.
Flavors: r-devel-linux-x86_64-debian-clang, r-devel-linux-x86_64-debian-gcc, r-devel-linux-x86_64-fedora-clang, r-devel-linux-x86_64-fedora-gcc, r-devel-windows-x86_64, r-patched-linux-x86_64, r-release-linux-x86_64, r-release-macos-arm64, r-release-macos-x86_64, r-release-windows-x86_64, r-oldrel-macos-arm64, r-oldrel-macos-x86_64, r-oldrel-windows-x86_64
Version: 0.0.8
Check: installed package size
Result: NOTE
installed size is 65.5Mb
sub-directories of 1Mb or more:
libs 65.0Mb
Flavors: r-release-macos-arm64, r-release-macos-x86_64, r-oldrel-macos-arm64, r-oldrel-macos-x86_64