Last updated on 2024-08-07 00:49:18 CEST.
Flavor | Version | Tinstall | Tcheck | Ttotal | Status | Flags |
---|---|---|---|---|---|---|
r-devel-linux-x86_64-debian-clang | 0.0.6 | 2.39 | 37.26 | 39.65 | NOTE | |
r-devel-linux-x86_64-debian-gcc | 0.0.6 | 1.82 | 34.36 | 36.18 | NOTE | |
r-devel-linux-x86_64-fedora-clang | 0.0.6 | 63.38 | NOTE | |||
r-devel-linux-x86_64-fedora-gcc | 0.0.6 | 67.80 | NOTE | |||
r-devel-windows-x86_64 | 0.0.6 | 4.00 | 62.00 | 66.00 | NOTE | |
r-patched-linux-x86_64 | 0.0.6 | 2.70 | 40.31 | 43.01 | NOTE | |
r-release-linux-x86_64 | 0.0.6 | 2.35 | 40.90 | 43.25 | NOTE | |
r-release-macos-arm64 | 0.0.6 | 24.00 | NOTE | |||
r-release-macos-x86_64 | 0.0.6 | 37.00 | NOTE | |||
r-release-windows-x86_64 | 0.0.6 | 4.00 | 61.00 | 65.00 | NOTE | |
r-oldrel-macos-arm64 | 0.0.6 | 28.00 | NOTE | |||
r-oldrel-macos-x86_64 | 0.0.6 | 42.00 | NOTE | |||
r-oldrel-windows-x86_64 | 0.0.6 | 4.00 | 69.00 | 73.00 | NOTE |
Version: 0.0.6
Check: LazyData
Result: NOTE
'LazyData' is specified without a 'data' directory
Flavors: r-devel-linux-x86_64-debian-clang, r-devel-linux-x86_64-debian-gcc, r-devel-linux-x86_64-fedora-clang, r-devel-linux-x86_64-fedora-gcc, r-devel-windows-x86_64, r-patched-linux-x86_64, r-release-linux-x86_64, r-release-macos-arm64, r-release-macos-x86_64, r-release-windows-x86_64, r-oldrel-macos-arm64, r-oldrel-macos-x86_64, r-oldrel-windows-x86_64
Version: 0.0.6
Check: dependencies in R code
Result: NOTE
Namespace in Imports field not imported from: ‘survival’
All declared Imports should be used.
Flavors: r-devel-linux-x86_64-fedora-clang, r-devel-linux-x86_64-fedora-gcc