Last updated on 2024-08-07 00:49:18 CEST.
Flavor | Version | Tinstall | Tcheck | Ttotal | Status | Flags |
---|---|---|---|---|---|---|
r-devel-linux-x86_64-debian-clang | 2.3.1 | 93.85 | 26.33 | 120.18 | OK | |
r-devel-linux-x86_64-debian-gcc | 2.3.1 | 57.06 | 20.59 | 77.65 | OK | |
r-devel-linux-x86_64-fedora-clang | 2.3.1 | 155.85 | OK | |||
r-devel-linux-x86_64-fedora-gcc | 2.3.1 | 196.66 | OK | |||
r-devel-windows-x86_64 | 2.3.1 | 69.00 | 69.00 | 138.00 | OK | |
r-patched-linux-x86_64 | 2.3.1 | 76.07 | 24.74 | 100.81 | OK | |
r-release-linux-x86_64 | 2.3.1 | 80.27 | 24.68 | 104.95 | OK | |
r-release-macos-arm64 | 2.3.1 | 38.00 | NOTE | |||
r-release-macos-x86_64 | 2.3.1 | 45.00 | NOTE | |||
r-release-windows-x86_64 | 2.3.1 | 69.00 | 76.00 | 145.00 | OK | |
r-oldrel-macos-arm64 | 2.3.1 | 52.00 | NOTE | |||
r-oldrel-macos-x86_64 | 2.3.1 | 67.00 | NOTE | |||
r-oldrel-windows-x86_64 | 2.3.1 | 61.00 | 80.00 | 141.00 | OK |
Version: 2.3.1
Check: installed package size
Result: NOTE
installed size is 7.8Mb
sub-directories of 1Mb or more:
libs 7.7Mb
Flavors: r-release-macos-arm64, r-release-macos-x86_64, r-oldrel-macos-arm64, r-oldrel-macos-x86_64