Last updated on 2024-08-07 00:49:18 CEST.
Flavor | Version | Tinstall | Tcheck | Ttotal | Status | Flags |
---|---|---|---|---|---|---|
r-devel-linux-x86_64-debian-clang | 0.1.1 | 89.02 | 151.02 | 240.04 | OK | |
r-devel-linux-x86_64-debian-gcc | 0.1.1 | 54.31 | 109.64 | 163.95 | OK | |
r-devel-linux-x86_64-fedora-clang | 0.1.1 | 407.18 | OK | |||
r-devel-linux-x86_64-fedora-gcc | 0.1.1 | 406.27 | OK | |||
r-devel-windows-x86_64 | 0.1.1 | 75.00 | 160.00 | 235.00 | OK | |
r-patched-linux-x86_64 | 0.1.1 | 69.69 | 168.72 | 238.41 | OK | |
r-release-linux-x86_64 | 0.1.1 | 76.20 | 155.92 | 232.12 | OK | |
r-release-macos-arm64 | 0.1.1 | 107.00 | NOTE | |||
r-release-macos-x86_64 | 0.1.1 | 289.00 | NOTE | |||
r-release-windows-x86_64 | 0.1.1 | 75.00 | 487.00 | 562.00 | OK | |
r-oldrel-macos-arm64 | 0.1.1 | 117.00 | NOTE | |||
r-oldrel-macos-x86_64 | 0.1.1 | 234.00 | NOTE | |||
r-oldrel-windows-x86_64 | 0.1.1 | 56.00 | 199.00 | 255.00 | OK |
Version: 0.1.1
Check: installed package size
Result: NOTE
installed size is 10.1Mb
sub-directories of 1Mb or more:
data 3.0Mb
libs 6.5Mb
Flavors: r-release-macos-arm64, r-release-macos-x86_64, r-oldrel-macos-arm64, r-oldrel-macos-x86_64