Last updated on 2024-08-07 00:49:19 CEST.
Flavor | Version | Tinstall | Tcheck | Ttotal | Status | Flags |
---|---|---|---|---|---|---|
r-devel-linux-x86_64-debian-clang | 1.3.4 | 16.52 | 119.01 | 135.53 | NOTE | |
r-devel-linux-x86_64-debian-gcc | 1.3.4 | 10.93 | 86.22 | 97.15 | NOTE | |
r-devel-linux-x86_64-fedora-clang | 1.3.4 | 217.33 | OK | |||
r-devel-linux-x86_64-fedora-gcc | 1.3.4 | 202.62 | OK | |||
r-devel-windows-x86_64 | 1.3.4 | 16.00 | 118.00 | 134.00 | NOTE | |
r-patched-linux-x86_64 | 1.3.4 | 14.95 | 113.94 | 128.89 | OK | |
r-release-linux-x86_64 | 1.3.4 | 13.83 | 114.76 | 128.59 | OK | |
r-release-macos-arm64 | 1.3.4 | 59.00 | OK | |||
r-release-macos-x86_64 | 1.3.4 | 83.00 | OK | |||
r-release-windows-x86_64 | 1.3.4 | 16.00 | 128.00 | 144.00 | OK | |
r-oldrel-macos-arm64 | 1.3.4 | 48.00 | OK | |||
r-oldrel-macos-x86_64 | 1.3.4 | 152.00 | OK | |||
r-oldrel-windows-x86_64 | 1.3.4 | 22.00 | 155.00 | 177.00 | OK |
Version: 1.3.4
Check: Rd cross-references
Result: NOTE
Found the following Rd file(s) with Rd \link{} targets missing package
anchors:
iNZightSummary.Rd: survey
Please provide package anchors for all Rd \link{} targets not in the
package itself and the base packages.
Flavors: r-devel-linux-x86_64-debian-clang, r-devel-linux-x86_64-debian-gcc, r-devel-windows-x86_64