Last updated on 2024-08-07 00:49:18 CEST.
Flavor | Version | Tinstall | Tcheck | Ttotal | Status | Flags |
---|---|---|---|---|---|---|
r-devel-linux-x86_64-debian-clang | 0.2.2 | 1.92 | 21.42 | 23.34 | OK | |
r-devel-linux-x86_64-debian-gcc | 0.2.2 | 1.52 | 17.24 | 18.76 | OK | |
r-devel-linux-x86_64-fedora-clang | 0.2.2 | 37.78 | NOTE | |||
r-devel-linux-x86_64-fedora-gcc | 0.2.2 | 35.74 | OK | |||
r-devel-windows-x86_64 | 0.2.2 | 3.00 | 44.00 | 47.00 | OK | |
r-patched-linux-x86_64 | 0.2.2 | 1.73 | 20.80 | 22.53 | OK | |
r-release-linux-x86_64 | 0.2.2 | 1.82 | 20.65 | 22.47 | OK | |
r-release-macos-arm64 | 0.2.2 | 15.00 | OK | |||
r-release-macos-x86_64 | 0.2.2 | 25.00 | OK | |||
r-release-windows-x86_64 | 0.2.2 | 3.00 | 44.00 | 47.00 | OK | |
r-oldrel-macos-arm64 | 0.2.2 | 21.00 | OK | |||
r-oldrel-macos-x86_64 | 0.2.2 | 30.00 | OK | |||
r-oldrel-windows-x86_64 | 0.2.2 | 3.00 | 45.00 | 48.00 | OK |
Version: 0.2.2
Check: Rd cross-references
Result: NOTE
Undeclared package ‘tibble’ in Rd xrefs
Flavor: r-devel-linux-x86_64-fedora-clang