Last updated on 2024-08-07 00:49:18 CEST.
Flavor | Version | Tinstall | Tcheck | Ttotal | Status | Flags |
---|---|---|---|---|---|---|
r-devel-linux-x86_64-debian-clang | 2.0.16 | 61.51 | 126.09 | 187.60 | OK | |
r-devel-linux-x86_64-debian-gcc | 2.0.16 | 41.98 | 94.23 | 136.21 | OK | |
r-devel-linux-x86_64-fedora-clang | 2.0.16 | 312.88 | OK | |||
r-devel-linux-x86_64-fedora-gcc | 2.0.16 | 347.72 | OK | |||
r-devel-windows-x86_64 | 2.0.16 | 61.00 | 267.00 | 328.00 | OK | |
r-patched-linux-x86_64 | 2.0.16 | 58.41 | 125.64 | 184.05 | OK | |
r-release-linux-x86_64 | 2.0.16 | 63.73 | 127.03 | 190.76 | OK | |
r-release-macos-arm64 | 2.0.16 | 94.00 | NOTE | |||
r-release-macos-x86_64 | 2.0.16 | 163.00 | NOTE | |||
r-release-windows-x86_64 | 2.0.16 | 60.00 | 265.00 | 325.00 | OK | |
r-oldrel-macos-arm64 | 2.0.16 | 121.00 | NOTE | |||
r-oldrel-macos-x86_64 | 2.0.16 | 261.00 | NOTE | |||
r-oldrel-windows-x86_64 | 2.0.16 | 72.00 | 291.00 | 363.00 | OK |
Version: 2.0.16
Check: installed package size
Result: NOTE
installed size is 19.3Mb
sub-directories of 1Mb or more:
libs 17.8Mb
Flavors: r-release-macos-arm64, r-release-macos-x86_64, r-oldrel-macos-arm64, r-oldrel-macos-x86_64