Last updated on 2024-08-07 00:49:18 CEST.
Flavor | Version | Tinstall | Tcheck | Ttotal | Status | Flags |
---|---|---|---|---|---|---|
r-devel-linux-x86_64-debian-clang | 1.0.4 | 2.62 | 124.90 | 127.52 | OK | |
r-devel-linux-x86_64-debian-gcc | 1.0.4 | 1.85 | 184.53 | 186.38 | OK | |
r-devel-linux-x86_64-fedora-clang | 1.0.4 | 175.15 | NOTE | |||
r-devel-linux-x86_64-fedora-gcc | 1.0.4 | 184.04 | NOTE | |||
r-devel-windows-x86_64 | 1.0.4 | 4.00 | 221.00 | 225.00 | OK | |
r-patched-linux-x86_64 | 1.0.4 | 3.25 | 124.41 | 127.66 | OK | |
r-release-linux-x86_64 | 1.0.4 | 2.65 | 126.28 | 128.93 | OK | |
r-release-macos-arm64 | 1.0.4 | 88.00 | OK | |||
r-release-macos-x86_64 | 1.0.4 | 111.00 | OK | |||
r-release-windows-x86_64 | 1.0.4 | 5.00 | 234.00 | 239.00 | OK | |
r-oldrel-macos-arm64 | 1.0.4 | 98.00 | OK | |||
r-oldrel-macos-x86_64 | 1.0.4 | 217.00 | OK | |||
r-oldrel-windows-x86_64 | 1.0.4 | 4.00 | 228.00 | 232.00 | OK |
Version: 1.0.4
Check: data for non-ASCII characters
Result: NOTE
Note: found 4 marked UTF-8 strings
Flavors: r-devel-linux-x86_64-fedora-clang, r-devel-linux-x86_64-fedora-gcc